{"id":482,"date":"2019-07-06T14:22:55","date_gmt":"2019-07-06T14:22:55","guid":{"rendered":"http:\/\/dev.kodesolution.work\/personal\/j\/industryee\/demo\/?page_id=482"},"modified":"2022-09-27T23:12:54","modified_gmt":"2022-09-27T21:12:54","slug":"our-team","status":"publish","type":"page","link":"https:\/\/anaentreprise.fr\/?page_id=482","title":{"rendered":"Portes"},"content":{"rendered":"<p>[vc_row full_width=&#8221;stretch_row&#8221; bg_type=&#8221;image&#8221; parallax_style=&#8221;vcpb-default&#8221; bg_image_new=&#8221;id^20780|url^http:\/\/wp.kodesolution.live\/corporate\/business\/renovat\/v2\/wp-content\/uploads\/sites\/8\/2019\/09\/section-bg-pattern.png|caption^null|alt^null|title^section-bg-pattern|description^null&#8221; bg_image_size=&#8221;initial&#8221; css=&#8221;.vc_custom_1570939351964{padding-bottom: 70px !important;}&#8221; paroller_image=&#8221;&#8221;][vc_column css=&#8221;.vc_custom_1552847049779{padding-top: 0px !important;}&#8221;][vc_row_inner el_class=&#8221;bg-img-no-repeat bg-img-center-top&#8221;][vc_column_inner width=&#8221;1\/6&#8243;][\/vc_column_inner][vc_column_inner width=&#8221;2\/3&#8243; css=&#8221;.vc_custom_1568642238535{padding-top: 0px !important;background-position: 0 0 !important;background-repeat: no-repeat !important;}&#8221;]<div class=\"tm-sc tm-sc-section-title section-title section-title-style1 text-center    \">\r\n\t<div class=\"title-wrapper\">\r\n\t\t\t\t\t\t<h2 class=\"title \" style=\"line-height: 1\">\r\n\r\n\t\t\r\n\t\t\t\t<span class=\"\">Vente et installation de<\/span>\r\n\t\t\r\n\t\t\t\t<span class=\"text-theme-colored1\">Portes<\/span>\r\n\t\t\r\n\t\t\r\n\t<\/h2>\r\n\t<div class=\"title-seperator-line\"><\/div>\t\t\t\r\n\t\t\t\t<div class=\"paragraph\">\r\n\t\t<p>Vous \u00eates \u00e0 la recherche d\u2019une porte design et contemporain, en bois, PVC ou aluminium ?<br \/>\nChez ANA Entreprise nous avons une large gamme de portes qui r\u00e9pondra \u00e0 vos besoins et apportera une enti\u00e8re satisfaction.<br \/>\nB\u00e9n\u00e9ficiez de la qualit\u00e9 de nos portes et de notre professionnalise sur la pose.<\/p>\n<p>Voici ci-dessous une s\u00e9lection de notre catalogue papier.<\/p>\n\t<\/div>\r\n\t\t<\/div>\r\n<\/div>[\/vc_column_inner][vc_column_inner width=&#8221;1\/6&#8243;][\/vc_column_inner][vc_column_inner][\/vc_column_inner][\/vc_row_inner][vc_row_inner][vc_column_inner]\r\n\t<div class=\"tm-sc tm-sc-staff tm-sc-staff-grid staff-style5-current-theme  \">\r\n\t\t\r\n\t\r\n\t\t<!-- Isotope Gallery Grid -->\r\n\t\t<div id=\"staff-holder-371146\" class=\"isotope-layout grid-4 clearfix\">\r\n\t\t\t<div class=\"isotope-layout-inner\">\r\n\r\n                <!-- the loop -->\r\n                                                <div class=\"isotope-item \">\r\n                    <div id=\"post-56\" class=\"tm-staff post-56 staff-items type-staff-items status-publish has-post-thumbnail hentry\">\r\n    <div class=\"staff-inner\">\r\n        <div class=\"box-hover-effect\">\r\n            <div class=\"staff-header effect-wrapper\">\r\n\t\t\t\t\t\t\t\t\t\t\t\r\n\t\t<div class=\"thumb\">\r\n\t\t<img loading=\"lazy\" decoding=\"async\" width=\"565\" height=\"658\" src=\"https:\/\/anaentreprise.fr\/wp-content\/uploads\/2022\/09\/Porte-3.jpg\" class=\"img-fullwidth wp-post-image\" alt=\"\" srcset=\"https:\/\/anaentreprise.fr\/wp-content\/uploads\/2022\/09\/Porte-3.jpg 565w, https:\/\/anaentreprise.fr\/wp-content\/uploads\/2022\/09\/Porte-3-258x300.jpg 258w\" sizes=\"auto, (max-width: 565px) 100vw, 565px\" \/>\t<\/div>\r\n\t\t\t\t<\/div>\r\n\t\t\t\t\t\t<div class=\"staff-content\">\r\n\t\t\t\t\r\n\t\t\t<div class=\"speciality\"><\/div>\r\n\t\t\t\t\t\t\r\n\t\t\t\t\t\r\n\t\r\n\t\t\t\t\r\n\t\t\t\t\t<div class=\"staff-btn\">\r\n\t\t\t\t\r\n\t\t\t\t<div class=\"clearfix\"><\/div>\r\n\t<\/div>\r\n\t\t\t<\/div>\r\n\t\t\t\t\t<\/div>\r\n\t<\/div>\r\n<\/div>                <\/div>\r\n                                                <div class=\"isotope-item \">\r\n                    <div id=\"post-54\" class=\"tm-staff post-54 staff-items type-staff-items status-publish has-post-thumbnail hentry\">\r\n    <div class=\"staff-inner\">\r\n        <div class=\"box-hover-effect\">\r\n            <div class=\"staff-header effect-wrapper\">\r\n\t\t\t\t\t\t\t\t\t\t\t\r\n\t\t<div class=\"thumb\">\r\n\t\t<img loading=\"lazy\" decoding=\"async\" width=\"558\" height=\"655\" src=\"https:\/\/anaentreprise.fr\/wp-content\/uploads\/2022\/09\/Porte-1.jpg\" class=\"img-fullwidth wp-post-image\" alt=\"\" srcset=\"https:\/\/anaentreprise.fr\/wp-content\/uploads\/2022\/09\/Porte-1.jpg 558w, https:\/\/anaentreprise.fr\/wp-content\/uploads\/2022\/09\/Porte-1-256x300.jpg 256w\" sizes=\"auto, (max-width: 558px) 100vw, 558px\" \/>\t<\/div>\r\n\t\t\t\t<\/div>\r\n\t\t\t\t\t\t<div class=\"staff-content\">\r\n\t\t\t\t\r\n\t\t\t<div class=\"speciality\"><\/div>\r\n\t\t\t\t\t\t\r\n\t\t\t\t\t\r\n\t\r\n\t\t\t\t\r\n\t\t\t\t\t<div class=\"staff-btn\">\r\n\t\t\t\t\r\n\t\t\t\t<div class=\"clearfix\"><\/div>\r\n\t<\/div>\r\n\t\t\t<\/div>\r\n\t\t\t\t\t<\/div>\r\n\t<\/div>\r\n<\/div>                <\/div>\r\n                                                <div class=\"isotope-item \">\r\n                    <div id=\"post-53\" class=\"tm-staff post-53 staff-items type-staff-items status-publish has-post-thumbnail hentry\">\r\n    <div class=\"staff-inner\">\r\n        <div class=\"box-hover-effect\">\r\n            <div class=\"staff-header effect-wrapper\">\r\n\t\t\t\t\t\t\t\t\t\t\t\r\n\t\t<div class=\"thumb\">\r\n\t\t<img loading=\"lazy\" decoding=\"async\" width=\"568\" height=\"652\" src=\"https:\/\/anaentreprise.fr\/wp-content\/uploads\/2022\/09\/Porte-2.jpg\" class=\"img-fullwidth wp-post-image\" alt=\"\" srcset=\"https:\/\/anaentreprise.fr\/wp-content\/uploads\/2022\/09\/Porte-2.jpg 568w, https:\/\/anaentreprise.fr\/wp-content\/uploads\/2022\/09\/Porte-2-261x300.jpg 261w\" sizes=\"auto, (max-width: 568px) 100vw, 568px\" \/>\t<\/div>\r\n\t\t\t\t<\/div>\r\n\t\t\t\t\t\t<div class=\"staff-content\">\r\n\t\t\t\t\r\n\t\t\t<div class=\"speciality\"><\/div>\r\n\t\t\t\t\t\t\r\n\t\t\t\t\t\r\n\t\r\n\t\t\t\t\r\n\t\t\t\t\t<div class=\"staff-btn\">\r\n\t\t\t\t\r\n\t\t\t\t<div class=\"clearfix\"><\/div>\r\n\t<\/div>\r\n\t\t\t<\/div>\r\n\t\t\t\t\t<\/div>\r\n\t<\/div>\r\n<\/div>                <\/div>\r\n                                                <div class=\"isotope-item \">\r\n                    <div id=\"post-48\" class=\"tm-staff post-48 staff-items type-staff-items status-publish has-post-thumbnail hentry\">\r\n    <div class=\"staff-inner\">\r\n        <div class=\"box-hover-effect\">\r\n            <div class=\"staff-header effect-wrapper\">\r\n\t\t\t\t\t\t\t\t\t\t\t\r\n\t\t<div class=\"thumb\">\r\n\t\t<img loading=\"lazy\" decoding=\"async\" width=\"562\" height=\"651\" src=\"https:\/\/anaentreprise.fr\/wp-content\/uploads\/2019\/06\/Porte-4.jpg\" class=\"img-fullwidth wp-post-image\" alt=\"\" srcset=\"https:\/\/anaentreprise.fr\/wp-content\/uploads\/2019\/06\/Porte-4.jpg 562w, https:\/\/anaentreprise.fr\/wp-content\/uploads\/2019\/06\/Porte-4-259x300.jpg 259w\" sizes=\"auto, (max-width: 562px) 100vw, 562px\" \/>\t<\/div>\r\n\t\t\t\t<\/div>\r\n\t\t\t\t\t\t<div class=\"staff-content\">\r\n\t\t\t\t\r\n\t\t\t<div class=\"speciality\"><\/div>\r\n\t\t\t\t\t\t\r\n\t\t\t\t\t\r\n\t\r\n\t\t\t\t\r\n\t\t\t\t\t<div class=\"staff-btn\">\r\n\t\t\t\t\r\n\t\t\t\t<div class=\"clearfix\"><\/div>\r\n\t<\/div>\r\n\t\t\t<\/div>\r\n\t\t\t\t\t<\/div>\r\n\t<\/div>\r\n<\/div>                <\/div>\r\n                                <!-- end of the loop -->\r\n\t\t\t<\/div>\r\n\t\t<\/div>\r\n\t\t\t<\/div>\r\n\t\t\r\n\t\r\n\t[\/vc_column_inner][\/vc_row_inner][\/vc_column][\/vc_row][vc_row full_width=&#8221;stretch_row&#8221; css_animation=&#8221;none&#8221; paroller_image=&#8221;&#8221; el_class=&#8221;bg-silver-light&#8221; css=&#8221;.vc_custom_1664312188217{margin-top: -130px !important;border-top-width: -30px !important;padding-top: -30px !important;}&#8221;][vc_column css=&#8221;.vc_custom_1664312672738{margin-top: -70px !important;border-top-width: -30px !important;padding-top: -30px !important;}&#8221;][vc_column_text]<\/p>\n<h5 style=\"text-align: center;\">Veuillez nous contacter pour visualiser l&#8217;ensemble de notre catalogue<br \/>\nde plus de 80 portes.<\/h5>\n<p>[\/vc_column_text]<div class=\"tm-sc tm-sc-button text-center  \">\r\n\t<a  href=\"https:\/\/anaentreprise.fr\/?page_id=490\" \r\n\t\ttarget=\"_self\"\r\n\t\tclass=\"btn btn-theme-colored1 btn-round btn-3d\">\r\n\t\t\t\tContactez nous\t\t\t<\/a>\r\n<\/div>[\/vc_column][\/vc_row]<\/p>\n","protected":false},"excerpt":{"rendered":"<p>[vc_row full_width=&#8221;stretch_row&#8221; bg_type=&#8221;image&#8221; parallax_style=&#8221;vcpb-default&#8221; bg_image_new=&#8221;id^20780|url^http:\/\/wp.kodesolution.live\/corporate\/business\/renovat\/v2\/wp-content\/uploads\/sites\/8\/2019\/09\/section-bg-pattern.png|caption^null|alt^null|title^section-bg-pattern|description^null&#8221; bg_image_size=&#8221;initial&#8221; css=&#8221;.vc_custom_1570939351964{padding-bottom: 70px !important;}&#8221; paroller_image=&#8221;&#8221;][vc_column css=&#8221;.vc_custom_1552847049779{padding-top: 0px !important;}&#8221;][vc_row_inner el_class=&#8221;bg-img-no-repeat bg-img-center-top&#8221;][vc_column_inner width=&#8221;1\/6&#8243;][\/vc_column_inner][vc_column_inner width=&#8221;2\/3&#8243; css=&#8221;.vc_custom_1568642238535{padding-top: 0px !important;background-position:&#8230;<\/p>\n","protected":false},"author":1,"featured_media":0,"parent":18867,"menu_order":0,"comment_status":"closed","ping_status":"closed","template":"","meta":{"_monsterinsights_skip_tracking":false,"_monsterinsights_sitenote_active":false,"_monsterinsights_sitenote_note":"","_monsterinsights_sitenote_category":0,"footnotes":""},"class_list":["post-482","page","type-page","status-publish","hentry"],"_links":{"self":[{"href":"https:\/\/anaentreprise.fr\/index.php?rest_route=\/wp\/v2\/pages\/482","targetHints":{"allow":["GET"]}}],"collection":[{"href":"https:\/\/anaentreprise.fr\/index.php?rest_route=\/wp\/v2\/pages"}],"about":[{"href":"https:\/\/anaentreprise.fr\/index.php?rest_route=\/wp\/v2\/types\/page"}],"author":[{"embeddable":true,"href":"https:\/\/anaentreprise.fr\/index.php?rest_route=\/wp\/v2\/users\/1"}],"replies":[{"embeddable":true,"href":"https:\/\/anaentreprise.fr\/index.php?rest_route=%2Fwp%2Fv2%2Fcomments&post=482"}],"version-history":[{"count":6,"href":"https:\/\/anaentreprise.fr\/index.php?rest_route=\/wp\/v2\/pages\/482\/revisions"}],"predecessor-version":[{"id":22194,"href":"https:\/\/anaentreprise.fr\/index.php?rest_route=\/wp\/v2\/pages\/482\/revisions\/22194"}],"up":[{"embeddable":true,"href":"https:\/\/anaentreprise.fr\/index.php?rest_route=\/wp\/v2\/pages\/18867"}],"wp:attachment":[{"href":"https:\/\/anaentreprise.fr\/index.php?rest_route=%2Fwp%2Fv2%2Fmedia&parent=482"}],"curies":[{"name":"wp","href":"https:\/\/api.w.org\/{rel}","templated":true}]}}